{"id":4869,"date":"2020-02-15T09:11:41","date_gmt":"2020-02-15T08:11:41","guid":{"rendered":"https:\/\/jsb-maffle.be\/?page_id=4869"},"modified":"2020-02-17T20:46:21","modified_gmt":"2020-02-17T19:46:21","slug":"bus-p1","status":"publish","type":"page","link":"https:\/\/jsb-maffle.be\/index.php\/bus-p1\/","title":{"rendered":"BUS-P1"},"content":{"rendered":"\n<p> <strong>FINALE DE LA COUPE DU HAINAUT SAMEDI 07 MARS 20H30<\/strong>. <\/p>\n\n\n\n<p class=\"has-text-align-center\"> <strong>R\u00e9servez vos places dans le bus des P1.<\/strong><br>La place des joueurs de P1 est d&rsquo;office r\u00e9serv\u00e9e.<br> <strong>D\u00e9part le samedi 07 mars 17h00 de la JSB-Maffle.<\/strong><\/p>\n\n\n\n<p class=\"has-text-align-center\">BUS COMPLET<br><\/p>\n","protected":false},"excerpt":{"rendered":"<p>FINALE DE LA COUPE DU HAINAUT SAMEDI 07 MARS 20H30. R\u00e9servez vos places dans le bus des P1.La place des joueurs de P1 est d&rsquo;office r\u00e9serv\u00e9e. D\u00e9part le samedi 07 &hellip; <a href=\"https:\/\/jsb-maffle.be\/index.php\/bus-p1\/\" class=\"more-link\">Continuer la lecture<span class=\"screen-reader-text\"> de &laquo;&nbsp;BUS-P1&nbsp;&raquo;<\/span><\/a><\/p>\n","protected":false},"author":1,"featured_media":0,"parent":0,"menu_order":0,"comment_status":"closed","ping_status":"closed","template":"","meta":{"footnotes":""},"class_list":["post-4869","page","type-page","status-publish","hentry"],"_links":{"self":[{"href":"https:\/\/jsb-maffle.be\/index.php\/wp-json\/wp\/v2\/pages\/4869","targetHints":{"allow":["GET"]}}],"collection":[{"href":"https:\/\/jsb-maffle.be\/index.php\/wp-json\/wp\/v2\/pages"}],"about":[{"href":"https:\/\/jsb-maffle.be\/index.php\/wp-json\/wp\/v2\/types\/page"}],"author":[{"embeddable":true,"href":"https:\/\/jsb-maffle.be\/index.php\/wp-json\/wp\/v2\/users\/1"}],"replies":[{"embeddable":true,"href":"https:\/\/jsb-maffle.be\/index.php\/wp-json\/wp\/v2\/comments?post=4869"}],"version-history":[{"count":3,"href":"https:\/\/jsb-maffle.be\/index.php\/wp-json\/wp\/v2\/pages\/4869\/revisions"}],"predecessor-version":[{"id":4938,"href":"https:\/\/jsb-maffle.be\/index.php\/wp-json\/wp\/v2\/pages\/4869\/revisions\/4938"}],"wp:attachment":[{"href":"https:\/\/jsb-maffle.be\/index.php\/wp-json\/wp\/v2\/media?parent=4869"}],"curies":[{"name":"wp","href":"https:\/\/api.w.org\/{rel}","templated":true}]}}